{"id":402,"date":"2020-12-27T21:43:23","date_gmt":"2020-12-27T20:43:23","guid":{"rendered":"https:\/\/praxisniehaus758606247.wordpress.com\/?page_id=402"},"modified":"2020-12-27T21:43:23","modified_gmt":"2020-12-27T20:43:23","slug":"tiergestutzte-therapie","status":"publish","type":"page","link":"https:\/\/praxis-niehaus.de\/?page_id=402","title":{"rendered":"Tiergest\u00fctzte Therapie"},"content":{"rendered":"\n<p>Der Einbezug von Tieren in Therapien als Erg\u00e4nzung und hilfreiche Ma\u00dfnahme ist wissenschaftlich in verschiedenen Studien begr\u00fcndet. Es hat sich bewiesen, dass die blo\u00dfe Anwesenheit eines Hundes (ohne k\u00f6rperlichen Kontakt zu diesem), positiven Einfluss auf uns hat.<\/p>\n\n\n\n<p>Der Hund wird in die Therapie nur nach Bedarf eingesetzt, durch seine reine Anwesenheit wirkt er beruhigend und stressreduzierend, er kann als Eisbrecher und Kommunikationsmittel zum Kontaktaufbau dienen, er kann als Belohnung eingesetzt werden, kann die Motivation erh\u00f6hen und dient als Vertrauter, da er weder wertet noch verurteilt, sondern bedingungslos einen akzeptiert.<\/p>\n\n\n\n<p>Angst vor Hunden (Hundephobie) ist ein spezielles Einsatzgebiet des Hundes in der Praxis, da die Kinder\/Jugendlichen die M\u00f6glichkeit haben, das in der Therapie erworbenen Wissen direkt auch praktisch umzusetzen und neue Verhaltensmuster im Kontakt mit einem Hund zu festigen.<\/p>\n","protected":false},"excerpt":{"rendered":"<p>Der Einbezug von Tieren in Therapien als Erg\u00e4nzung und hilfreiche Ma\u00dfnahme ist wissenschaftlich in verschiedenen Studien begr\u00fcndet. Es hat sich bewiesen, dass die blo\u00dfe Anwesenheit eines Hundes (ohne k\u00f6rperlichen Kontakt zu diesem), positiven Einfluss auf uns hat. Der Hund wird in die Therapie nur nach Bedarf eingesetzt, durch seine reine Anwesenheit wirkt er beruhigend und&hellip;<\/p>\n","protected":false},"author":1,"featured_media":0,"parent":384,"menu_order":0,"comment_status":"closed","ping_status":"closed","template":"","meta":{"footnotes":""},"_links":{"self":[{"href":"https:\/\/praxis-niehaus.de\/index.php?rest_route=\/wp\/v2\/pages\/402"}],"collection":[{"href":"https:\/\/praxis-niehaus.de\/index.php?rest_route=\/wp\/v2\/pages"}],"about":[{"href":"https:\/\/praxis-niehaus.de\/index.php?rest_route=\/wp\/v2\/types\/page"}],"author":[{"embeddable":true,"href":"https:\/\/praxis-niehaus.de\/index.php?rest_route=\/wp\/v2\/users\/1"}],"replies":[{"embeddable":true,"href":"https:\/\/praxis-niehaus.de\/index.php?rest_route=%2Fwp%2Fv2%2Fcomments&post=402"}],"version-history":[{"count":0,"href":"https:\/\/praxis-niehaus.de\/index.php?rest_route=\/wp\/v2\/pages\/402\/revisions"}],"up":[{"embeddable":true,"href":"https:\/\/praxis-niehaus.de\/index.php?rest_route=\/wp\/v2\/pages\/384"}],"wp:attachment":[{"href":"https:\/\/praxis-niehaus.de\/index.php?rest_route=%2Fwp%2Fv2%2Fmedia&parent=402"}],"curies":[{"name":"wp","href":"https:\/\/api.w.org\/{rel}","templated":true}]}}