{"id":399,"date":"2020-12-27T21:42:00","date_gmt":"2020-12-27T20:42:00","guid":{"rendered":"https:\/\/praxisniehaus758606247.wordpress.com\/?page_id=399"},"modified":"2020-12-27T21:42:00","modified_gmt":"2020-12-27T20:42:00","slug":"systemische-therapie","status":"publish","type":"page","link":"https:\/\/praxis-niehaus.de\/?page_id=399","title":{"rendered":"Systemische Therapie"},"content":{"rendered":"\n<p>Besonders bei der Arbeit mit Kindern und Jugendlichen darf der Blick auf die ganze Familie nicht fehlen. Systemische und interpersonelle Zusammenh\u00e4nge in der Familie k\u00f6nnen bei Bedarf erarbeitet werden und mit allen oder in Konstellationen einzelner Familienmitgliedern k\u00f6nnen verschiedene Methoden der systemischen Therapie genutzt und in die Behandlung einflie\u00dfen.<\/p>\n","protected":false},"excerpt":{"rendered":"<p>Besonders bei der Arbeit mit Kindern und Jugendlichen darf der Blick auf die ganze Familie nicht fehlen. Systemische und interpersonelle Zusammenh\u00e4nge in der Familie k\u00f6nnen bei Bedarf erarbeitet werden und mit allen oder in Konstellationen einzelner Familienmitgliedern k\u00f6nnen verschiedene Methoden der systemischen Therapie genutzt und in die Behandlung einflie\u00dfen.<\/p>\n","protected":false},"author":1,"featured_media":0,"parent":384,"menu_order":0,"comment_status":"closed","ping_status":"closed","template":"","meta":{"footnotes":""},"_links":{"self":[{"href":"https:\/\/praxis-niehaus.de\/index.php?rest_route=\/wp\/v2\/pages\/399"}],"collection":[{"href":"https:\/\/praxis-niehaus.de\/index.php?rest_route=\/wp\/v2\/pages"}],"about":[{"href":"https:\/\/praxis-niehaus.de\/index.php?rest_route=\/wp\/v2\/types\/page"}],"author":[{"embeddable":true,"href":"https:\/\/praxis-niehaus.de\/index.php?rest_route=\/wp\/v2\/users\/1"}],"replies":[{"embeddable":true,"href":"https:\/\/praxis-niehaus.de\/index.php?rest_route=%2Fwp%2Fv2%2Fcomments&post=399"}],"version-history":[{"count":0,"href":"https:\/\/praxis-niehaus.de\/index.php?rest_route=\/wp\/v2\/pages\/399\/revisions"}],"up":[{"embeddable":true,"href":"https:\/\/praxis-niehaus.de\/index.php?rest_route=\/wp\/v2\/pages\/384"}],"wp:attachment":[{"href":"https:\/\/praxis-niehaus.de\/index.php?rest_route=%2Fwp%2Fv2%2Fmedia&parent=399"}],"curies":[{"name":"wp","href":"https:\/\/api.w.org\/{rel}","templated":true}]}}

<p>Besonders bei der Arbeit mit Kindern und Jugendlichen darf der Blick auf die ganze Familie nicht fehlen. Systemische und interpersonelle Zusammenhänge in der Familie können bei Bedarf erarbeitet werden und mit allen oder in Konstellationen einzelner Familienmitgliedern können verschiedene Methoden der systemischen Therapie genutzt und in die Behandlung einfließen.</p>
