{"id":389,"date":"2020-12-27T21:32:41","date_gmt":"2020-12-27T20:32:41","guid":{"rendered":"https:\/\/praxisniehaus758606247.wordpress.com\/?page_id=389"},"modified":"2020-12-27T21:32:41","modified_gmt":"2020-12-27T20:32:41","slug":"spieltherapie","status":"publish","type":"page","link":"https:\/\/praxis-niehaus.de\/?page_id=389","title":{"rendered":"Spieltherapie"},"content":{"rendered":"\n<p>Spielen ist f\u00fcr die kindliche Entwicklung und zum Lernen wesentlich. Kinder verarbeiten im Spiel ihre Erfahrungen und k\u00f6nnen sich teilweise \u00fcber dieses Medium deutlich besser mitteilen, sie lernen im Spiel sich selber (St\u00e4rken, Schw\u00e4chen, F\u00e4higkeiten, M\u00f6glichkeiten) und ihre Umwelt kennen und entwickeln Verst\u00e4ndnis f\u00fcr soziale Rollen. Der gesch\u00fctzte Rahmen der Therapie erm\u00f6glicht es, verschiedene Rollen im Spiel zu erleben und zu beobachten, Verhaltensalternativen zu entwickeln und zu \u00fcberpr\u00fcfen, um diese dann auch im Alltag umzusetzen.<\/p>\n","protected":false},"excerpt":{"rendered":"<p>Spielen ist f\u00fcr die kindliche Entwicklung und zum Lernen wesentlich. Kinder verarbeiten im Spiel ihre Erfahrungen und k\u00f6nnen sich teilweise \u00fcber dieses Medium deutlich besser mitteilen, sie lernen im Spiel sich selber (St\u00e4rken, Schw\u00e4chen, F\u00e4higkeiten, M\u00f6glichkeiten) und ihre Umwelt kennen und entwickeln Verst\u00e4ndnis f\u00fcr soziale Rollen. Der gesch\u00fctzte Rahmen der Therapie erm\u00f6glicht es, verschiedene Rollen&hellip;<\/p>\n","protected":false},"author":1,"featured_media":0,"parent":384,"menu_order":0,"comment_status":"closed","ping_status":"closed","template":"","meta":{"footnotes":""},"_links":{"self":[{"href":"https:\/\/praxis-niehaus.de\/index.php?rest_route=\/wp\/v2\/pages\/389"}],"collection":[{"href":"https:\/\/praxis-niehaus.de\/index.php?rest_route=\/wp\/v2\/pages"}],"about":[{"href":"https:\/\/praxis-niehaus.de\/index.php?rest_route=\/wp\/v2\/types\/page"}],"author":[{"embeddable":true,"href":"https:\/\/praxis-niehaus.de\/index.php?rest_route=\/wp\/v2\/users\/1"}],"replies":[{"embeddable":true,"href":"https:\/\/praxis-niehaus.de\/index.php?rest_route=%2Fwp%2Fv2%2Fcomments&post=389"}],"version-history":[{"count":0,"href":"https:\/\/praxis-niehaus.de\/index.php?rest_route=\/wp\/v2\/pages\/389\/revisions"}],"up":[{"embeddable":true,"href":"https:\/\/praxis-niehaus.de\/index.php?rest_route=\/wp\/v2\/pages\/384"}],"wp:attachment":[{"href":"https:\/\/praxis-niehaus.de\/index.php?rest_route=%2Fwp%2Fv2%2Fmedia&parent=389"}],"curies":[{"name":"wp","href":"https:\/\/api.w.org\/{rel}","templated":true}]}}