{"id":379,"date":"2020-12-27T21:27:31","date_gmt":"2020-12-27T20:27:31","guid":{"rendered":"https:\/\/praxisniehaus758606247.wordpress.com\/?page_id=379"},"modified":"2020-12-27T21:27:31","modified_gmt":"2020-12-27T20:27:31","slug":"sprechstunde","status":"publish","type":"page","link":"https:\/\/praxis-niehaus.de\/?page_id=379","title":{"rendered":"Sprechstunde"},"content":{"rendered":"\n<p>Nach ersten erhobenen Informationen w\u00e4hrend des Telefonats wird ein Termin zur Sprechstunde vereinbart.&nbsp;<\/p>\n\n\n\n<p>Die Sprechstunde (bis zu 5 Sitzungen \u00e1 50 Minuten) wird genutzt, um die Auff\u00e4lligkeiten abzukl\u00e4ren und eine Behandlungsrelevanz zu beurteilen. Dabei k\u00f6nnen bereits diagnostische Verfahren bzw. psychologische Testung angewandt werden. Sie erhalten im Anschluss eine allgemeine und eine individuelle Patienteninformation mit Ergebnissen und weiteren Empfehlungen.<\/p>\n\n\n\n<p>Mit der Bescheinigung der Sprechstunde, dass eine Psychotherapie empfohlen ist, haben Sie die M\u00f6glichkeit bei jeder Therapeutinnen\/jedem Therapeuten mit Ihrem Kind probatorische Sitzungen (s.u.) in Anspruch zu nehmen.<\/p>\n","protected":false},"excerpt":{"rendered":"<p>Nach ersten erhobenen Informationen w\u00e4hrend des Telefonats wird ein Termin zur Sprechstunde vereinbart.&nbsp; Die Sprechstunde (bis zu 5 Sitzungen \u00e1 50 Minuten) wird genutzt, um die Auff\u00e4lligkeiten abzukl\u00e4ren und eine Behandlungsrelevanz zu beurteilen. Dabei k\u00f6nnen bereits diagnostische Verfahren bzw. psychologische Testung angewandt werden. Sie erhalten im Anschluss eine allgemeine und eine individuelle Patienteninformation mit Ergebnissen&hellip;<\/p>\n","protected":false},"author":1,"featured_media":0,"parent":99,"menu_order":0,"comment_status":"closed","ping_status":"closed","template":"","meta":{"footnotes":""},"_links":{"self":[{"href":"https:\/\/praxis-niehaus.de\/index.php?rest_route=\/wp\/v2\/pages\/379"}],"collection":[{"href":"https:\/\/praxis-niehaus.de\/index.php?rest_route=\/wp\/v2\/pages"}],"about":[{"href":"https:\/\/praxis-niehaus.de\/index.php?rest_route=\/wp\/v2\/types\/page"}],"author":[{"embeddable":true,"href":"https:\/\/praxis-niehaus.de\/index.php?rest_route=\/wp\/v2\/users\/1"}],"replies":[{"embeddable":true,"href":"https:\/\/praxis-niehaus.de\/index.php?rest_route=%2Fwp%2Fv2%2Fcomments&post=379"}],"version-history":[{"count":0,"href":"https:\/\/praxis-niehaus.de\/index.php?rest_route=\/wp\/v2\/pages\/379\/revisions"}],"up":[{"embeddable":true,"href":"https:\/\/praxis-niehaus.de\/index.php?rest_route=\/wp\/v2\/pages\/99"}],"wp:attachment":[{"href":"https:\/\/praxis-niehaus.de\/index.php?rest_route=%2Fwp%2Fv2%2Fmedia&parent=379"}],"curies":[{"name":"wp","href":"https:\/\/api.w.org\/{rel}","templated":true}]}}