{"id":298,"date":"2020-12-26T21:42:59","date_gmt":"2020-12-26T20:42:59","guid":{"rendered":"https:\/\/praxisniehaus758606247.wordpress.com\/?page_id=298"},"modified":"2022-09-04T11:36:09","modified_gmt":"2022-09-04T09:36:09","slug":"anfahrt","status":"publish","type":"page","link":"https:\/\/praxis-niehaus.de\/?page_id=298","title":{"rendered":"Anfahrt"},"content":{"rendered":"\n<p><strong>Karte<\/strong><\/p>\n\n\n\n<iframe src=\"https:\/\/www.google.com\/maps\/embed?pb=!1m18!1m12!1m3!1d2497.3750058554588!2d6.780674950995244!3d51.24900437949333!2m3!1f0!2f0!3f0!3m2!1i1024!2i768!4f13.1!3m3!1m2!1s0x47b8c99334315a59%3A0x70d349b2cff785d3!2sUlmenstra%C3%9Fe%2077%2C%2040476%20D%C3%BCsseldorf!5e0!3m2!1sde!2sde!4v1631473979747!5m2!1sde!2sde\" style=\"border:0;\" allowfullscreen=\"\" loading=\"lazy\" width=\"600\" height=\"450\"><\/iframe>\n\n\n\n<p><strong>Anfahrt mit \u00f6ffentlichen Verkehrsmitteln:<\/strong><\/p>\n\n\n\n<p><strong>Stra\u00dfenbahn:<\/strong><br>704 Haltestelle Merziger Stra\u00dfe (von dort als Fu\u00dfweg \u00fcber die Metzer Stra\u00dfe, Spichernplatz auf die Ulmenstra\u00dfe)<br>705, 707 Haltestelle Spichernplatz oder Tannenstra\u00dfe, je ca 150m Fu\u00dfweg zur Hausnummer 77<\/p>\n\n\n\n<p><strong>S-Bahn:<\/strong><br>S1, S11 bis Unterrath mit Umsteigem\u00f6glichkeit in die Stra\u00dfenbahn 705 und 707<br>S1, S6, S11 bis Derendorf mit Umsteigem\u00f6glichkeit in die Stra\u00dfenbahn 701 bis M\u00fcnsterplatz (von dort als Fu\u00dfweg von ca. 400m die Ulmenstra\u00dfe entlang bis zur Hausnummer 77) oder mit der 701 bis Dreieck und erneutes Umsteigen in die 705 oder 707<\/p>\n\n\n\n<p><\/p>\n\n\n\n<p><strong>Anfahrt mit dem Auto:<\/strong><\/p>\n\n\n\n<p>Auf der Stra\u00dfe finden sich \u00fcblicherweise Parkpl\u00e4tze, es besteht eine Parkscheinpflicht.<\/p>\n\n\n\n<p>Schr\u00e4g gegen\u00fcber der Praxis kann in die Saarbr\u00fcckerstra\u00dfe gefahren werden (Einbahnstra\u00dfe bei Netto), in dem Anwohnerviertel muss ebenfalls ein Parkschein gezogen werden.<\/p>\n\n\n\n<p>Sollten Sie auf der Ulmenstra\u00dfe und auf den Umgebungsstra\u00dfen keine Parkm\u00f6glichkeit finden, befindet sich das n\u00e4chste Parkhaus auf der Glockenstra\u00dfe 31 (Sackgasse), das bis 20.00h ge\u00f6ffnet ist.<\/p>\n\n\n\n<p><\/p>\n","protected":false},"excerpt":{"rendered":"<p>Karte Anfahrt mit \u00f6ffentlichen Verkehrsmitteln: Stra\u00dfenbahn:704 Haltestelle Merziger Stra\u00dfe (von dort als Fu\u00dfweg \u00fcber die Metzer Stra\u00dfe, Spichernplatz auf die Ulmenstra\u00dfe)705, 707 Haltestelle Spichernplatz oder Tannenstra\u00dfe, je ca 150m Fu\u00dfweg zur Hausnummer 77 S-Bahn:S1, S11 bis Unterrath mit Umsteigem\u00f6glichkeit in die Stra\u00dfenbahn 705 und 707S1, S6, S11 bis Derendorf mit Umsteigem\u00f6glichkeit in die Stra\u00dfenbahn 701&hellip;<\/p>\n","protected":false},"author":1,"featured_media":0,"parent":159,"menu_order":0,"comment_status":"closed","ping_status":"closed","template":"","meta":{"footnotes":""},"_links":{"self":[{"href":"https:\/\/praxis-niehaus.de\/index.php?rest_route=\/wp\/v2\/pages\/298"}],"collection":[{"href":"https:\/\/praxis-niehaus.de\/index.php?rest_route=\/wp\/v2\/pages"}],"about":[{"href":"https:\/\/praxis-niehaus.de\/index.php?rest_route=\/wp\/v2\/types\/page"}],"author":[{"embeddable":true,"href":"https:\/\/praxis-niehaus.de\/index.php?rest_route=\/wp\/v2\/users\/1"}],"replies":[{"embeddable":true,"href":"https:\/\/praxis-niehaus.de\/index.php?rest_route=%2Fwp%2Fv2%2Fcomments&post=298"}],"version-history":[{"count":10,"href":"https:\/\/praxis-niehaus.de\/index.php?rest_route=\/wp\/v2\/pages\/298\/revisions"}],"predecessor-version":[{"id":649,"href":"https:\/\/praxis-niehaus.de\/index.php?rest_route=\/wp\/v2\/pages\/298\/revisions\/649"}],"up":[{"embeddable":true,"href":"https:\/\/praxis-niehaus.de\/index.php?rest_route=\/wp\/v2\/pages\/159"}],"wp:attachment":[{"href":"https:\/\/praxis-niehaus.de\/index.php?rest_route=%2Fwp%2Fv2%2Fmedia&parent=298"}],"curies":[{"name":"wp","href":"https:\/\/api.w.org\/{rel}","templated":true}]}}